{"id":240,"date":"2014-05-13T16:16:36","date_gmt":"2014-05-13T16:16:36","guid":{"rendered":"http:\/\/artcontest.biancoscuro.it\/site\/?page_id=240"},"modified":"2023-05-01T17:58:23","modified_gmt":"2023-05-01T16:58:23","slug":"giuria","status":"publish","type":"page","link":"https:\/\/artcontest.biancoscuro.it\/site\/giuria\/","title":{"rendered":"Giuria"},"content":{"rendered":"\n<h1 class=\"wp-block-heading\"><span style=\"color: #ff0000;\"><strong>\u2605 BIANCOSCURO ART CONTEST&nbsp;\u2605<\/strong><\/span><\/h1>\n\n\n\n<h3 class=\"wp-block-heading\">La <strong>Giuria&nbsp;<span style=\"color: #ff0000;\">BIANCOSCURO<\/span><\/strong>&nbsp;\u00e8 composta da <strong>redazione<\/strong>, <strong>consiglio<\/strong> e <strong>comitato critico<\/strong>.<br><strong>I componenti sono:<\/strong><\/h3>\n\n\n<div class=\"supsystic-table-loader la-timer la-2x\" style=\"color:#000000\"><div><\/div><\/div><div id=\"supsystic-table-2_60495\" class=\"supsystic-tables-wrap \" style=\" width:100%; visibility: hidden; \" data-table-width-fixed=\"100%\" data-table-width-mobile=\"100%\" ><table id=\"supsystic-table-2\" class=\"supsystic-table compact paragraphMode border stripe hover order-column lightboxImg no-border\" data-id=\"2\" data-view-id=\"2_60495\" data-title=\"Giuria_2025\" data-currency-format=\"$1,000.00\" data-percent-format=\"10.00%\" data-date-format=\"DD.MM.YYYY\" data-time-format=\"HH:mm\" data-features=\"[&quot;after_table_loaded_script&quot;]\" data-search-value=\"\" data-lightbox-img=\"\" data-head-rows-count=\"1\" data-pagination-length=\"50,100,All\" data-auto-index=\"off\" data-searching-settings=\"{&quot;columnSearchPosition&quot;:&quot;bottom&quot;,&quot;minChars&quot;:&quot;0&quot;}\" data-lang=\"default\" data-override=\"{&quot;emptyTable&quot;:&quot;&quot;,&quot;info&quot;:&quot;&quot;,&quot;infoEmpty&quot;:&quot;&quot;,&quot;infoFiltered&quot;:&quot;&quot;,&quot;lengthMenu&quot;:&quot;&quot;,&quot;search&quot;:&quot;&quot;,&quot;previous&quot;:&quot;&quot;,&quot;next&quot;:&quot;&quot;,&quot;zeroRecords&quot;:&quot;&quot;,&quot;exportLabel&quot;:&quot;&quot;,&quot;file&quot;:&quot;default&quot;}\" data-merged=\"[]\" data-responsive-mode=\"0\" data-from-history=\"0\" ><thead><tr><th class=\"\" style=\"width:20%; padding: 0 !important;\"><\/th><th class=\"\" style=\"width:80%; padding: 0 !important;\"><\/th><\/tr><\/thead><tbody><tr style=\"height:px\" ><td data-cell-id=\"A1\" data-x=\"0\" data-y=\"1\" data-db-index=\"1\" class=\"bg-ff0000 htCenter\" data-cell-type=\"text\" data-original-value=\"\" data-order=\"\" style=\"min-width:20%; width:20%;\" ><\/td><td data-cell-id=\"B1\" data-x=\"1\" data-y=\"1\" data-db-index=\"1\" class=\"bg-ff0000\" data-cell-type=\"text\" data-original-value=\"\" data-order=\"\" style=\"min-width:80%; width:80%;\" ><\/td><\/tr><tr style=\"height:px\" ><td data-cell-id=\"A2\" data-x=\"0\" data-y=\"2\" data-db-index=\"2\" class=\"htCenter\" data-cell-type=\"text\" data-original-value=\"&lt;img src=&quot;https:\/\/artcontest.biancoscuro.it\/site\/wp-content\/uploads\/2014\/05\/chettav-150x150.jpg&quot; class=&quot;stbSkipLazy alignnone size-thumbnail&quot; width=&quot;150&quot; height=&quot;150&quot; \/&gt;\" data-order=\"&lt;img src=&quot;https:\/\/artcontest.biancoscuro.it\/site\/wp-content\/uploads\/2014\/05\/chettav-150x150.jpg&quot; class=&quot;stbSkipLazy alignnone size-thumbnail&quot; width=&quot;150&quot; height=&quot;150&quot; \/&gt;\" ><img loading=\"lazy\" decoding=\"async\" src=\"https:\/\/artcontest.biancoscuro.it\/site\/wp-content\/uploads\/2014\/05\/chettav-150x150.jpg\" class=\"stbSkipLazy alignnone size-thumbnail\" width=\"150\" height=\"150\" \/><\/td><td data-cell-id=\"B2\" data-x=\"1\" data-y=\"2\" data-db-index=\"2\" class=\"htTop htLeft\" data-cell-type=\"text\" data-original-value=\"&lt;b&gt;Vincenzo Chetta&lt;\/b&gt;&lt;br \/&gt; Nato a Monza (MB), esperto di comunicazione e appassionato d&#039;arte, dirige la Rivista d\u2019Arte BIANCOSCURO. Il magazine viene recapitato ad abbonati, appassionati d\u2019arte, collezionisti, gallerie ed enti culturali. BIANCOSCURO, inoltre \u00e8 distribuita nelle pi\u00f9 importanti fiere di cui \u00e8 partner: Art Basel, Paris+ par Art Basel, Art Basel Miami Beach, Art Basel Hong Kong, Art Paris, Art Monaco, Art Zurich, ARTfair Innsbruck, Arte Padova, PaviArt, Bergamo Arte Fiera, Arte Genova e ART Parma.\" data-order=\"&lt;b&gt;Vincenzo Chetta&lt;\/b&gt;&lt;br \/&gt; Nato a Monza (MB), esperto di comunicazione e appassionato d&#039;arte, dirige la Rivista d\u2019Arte BIANCOSCURO. Il magazine viene recapitato ad abbonati, appassionati d\u2019arte, collezionisti, gallerie ed enti culturali. BIANCOSCURO, inoltre \u00e8 distribuita nelle pi\u00f9 importanti fiere di cui \u00e8 partner: Art Basel, Paris+ par Art Basel, Art Basel Miami Beach, Art Basel Hong Kong, Art Paris, Art Monaco, Art Zurich, ARTfair Innsbruck, Arte Padova, PaviArt, Bergamo Arte Fiera, Arte Genova e ART Parma.\" ><b>Vincenzo Chetta<\/b><br \/> Nato a Monza (MB), esperto di comunicazione e appassionato d'arte, dirige la Rivista d\u2019Arte BIANCOSCURO. Il magazine viene recapitato ad abbonati, appassionati d\u2019arte, collezionisti, gallerie ed enti culturali. BIANCOSCURO, inoltre \u00e8 distribuita nelle pi\u00f9 importanti fiere di cui \u00e8 partner: Art Basel, Paris+ par Art Basel, Art Basel Miami Beach, Art Basel Hong Kong, Art Paris, Art Monaco, Art Zurich, ARTfair Innsbruck, Arte Padova, PaviArt, Bergamo Arte Fiera, Arte Genova e ART Parma. <\/td><\/tr><tr style=\"height:px\" ><td data-cell-id=\"A3\" data-x=\"0\" data-y=\"3\" data-db-index=\"3\" class=\"htCenter\" data-cell-type=\"text\" data-original-value=\"&lt;img src=&quot;https:\/\/artcontest.biancoscuro.it\/site\/wp-content\/uploads\/2014\/05\/dani-150x150.jpg&quot; class=&quot;stbSkipLazy alignnone size-thumbnail&quot; width=&quot;160&quot; height=&quot;160&quot; \/&gt;\" data-order=\"&lt;img src=&quot;https:\/\/artcontest.biancoscuro.it\/site\/wp-content\/uploads\/2014\/05\/dani-150x150.jpg&quot; class=&quot;stbSkipLazy alignnone size-thumbnail&quot; width=&quot;160&quot; height=&quot;160&quot; \/&gt;\" ><img loading=\"lazy\" decoding=\"async\" src=\"https:\/\/artcontest.biancoscuro.it\/site\/wp-content\/uploads\/2014\/05\/dani-150x150.jpg\" class=\"stbSkipLazy alignnone size-thumbnail\" width=\"160\" height=\"160\" \/><\/td><td data-cell-id=\"B3\" data-x=\"1\" data-y=\"3\" data-db-index=\"3\" class=\"htLeft htTop\" data-cell-type=\"text\" data-original-value=\"&lt;b&gt;Daniela Malabaila&lt;\/b&gt;&lt;br \/&gt; Nata ad Asti, ha studiato Industrial Design al Politecnico di Torino. Dopo l&#039;esperienza in un rinomato studio di Architettura ha rivolto la sua attenzione principalmente all&#039;arte ed alla divulgazione culturale. Oggi \u00e8 Caporedattore della Rivista d\u2019Arte BIANCOSCURO.\" data-order=\"&lt;b&gt;Daniela Malabaila&lt;\/b&gt;&lt;br \/&gt; Nata ad Asti, ha studiato Industrial Design al Politecnico di Torino. Dopo l&#039;esperienza in un rinomato studio di Architettura ha rivolto la sua attenzione principalmente all&#039;arte ed alla divulgazione culturale. Oggi \u00e8 Caporedattore della Rivista d\u2019Arte BIANCOSCURO.\" ><b>Daniela Malabaila<\/b><br \/> Nata ad Asti, ha studiato Industrial Design al Politecnico di Torino. Dopo l'esperienza in un rinomato studio di Architettura ha rivolto la sua attenzione principalmente all'arte ed alla divulgazione culturale. Oggi \u00e8 Caporedattore della Rivista d\u2019Arte BIANCOSCURO. <\/td><\/tr><tr style=\"height:px\" ><td data-cell-id=\"A4\" data-x=\"0\" data-y=\"4\" data-db-index=\"4\" class=\"htCenter\" data-cell-type=\"text\" data-original-value=\"&lt;img src=&quot;https:\/\/artcontest.biancoscuro.it\/site\/wp-content\/uploads\/2024\/05\/VITTORIOVALENTE-150.jpg&quot; class=&quot;stbSkipLazy alignnone size-thumbnail&quot; width=&quot;160&quot; height=&quot;160&quot; \/&gt;\" data-order=\"&lt;img src=&quot;https:\/\/artcontest.biancoscuro.it\/site\/wp-content\/uploads\/2024\/05\/VITTORIOVALENTE-150.jpg&quot; class=&quot;stbSkipLazy alignnone size-thumbnail&quot; width=&quot;160&quot; height=&quot;160&quot; \/&gt;\" ><img loading=\"lazy\" decoding=\"async\" src=\"https:\/\/artcontest.biancoscuro.it\/site\/wp-content\/uploads\/2024\/05\/VITTORIOVALENTE-150.jpg\" class=\"stbSkipLazy alignnone size-thumbnail\" width=\"160\" height=\"160\" \/><\/td><td data-cell-id=\"B4\" data-x=\"1\" data-y=\"4\" data-db-index=\"4\" class=\"htLeft htTop\" data-cell-type=\"text\" data-original-value=\"&lt;b&gt;Vittorio Valente&lt;\/b&gt;&lt;br \/&gt; Nato ad Asti, ha iniziato l\u2019attivit\u00e0 artistica nel 1986 occupandosi del rapporto arte-scienza, spaziando tra cinematografia e letteratura, \u00e8 oggi artista di fama internazionale. Vittorio Valente, insieme a Renzo Nucara, Omar Ronda, Marco Veronese, Alex Angi, Carlo Rizzetti e Kicco, \u00e8 tra gli artisti fondatori del movimento CRACKING ART.\" data-order=\"&lt;b&gt;Vittorio Valente&lt;\/b&gt;&lt;br \/&gt; Nato ad Asti, ha iniziato l\u2019attivit\u00e0 artistica nel 1986 occupandosi del rapporto arte-scienza, spaziando tra cinematografia e letteratura, \u00e8 oggi artista di fama internazionale. Vittorio Valente, insieme a Renzo Nucara, Omar Ronda, Marco Veronese, Alex Angi, Carlo Rizzetti e Kicco, \u00e8 tra gli artisti fondatori del movimento CRACKING ART.\" ><b>Vittorio Valente<\/b><br \/> Nato ad Asti, ha iniziato l\u2019attivit\u00e0 artistica nel 1986 occupandosi del rapporto arte-scienza, spaziando tra cinematografia e letteratura, \u00e8 oggi artista di fama internazionale. Vittorio Valente, insieme a Renzo Nucara, Omar Ronda, Marco Veronese, Alex Angi, Carlo Rizzetti e Kicco, \u00e8 tra gli artisti fondatori del movimento CRACKING ART. <\/td><\/tr><tr style=\"height:px\" ><td data-cell-id=\"A5\" data-x=\"0\" data-y=\"5\" data-db-index=\"5\" class=\"htCenter\" data-cell-type=\"text\" data-original-value=\"&lt;img src=&quot;https:\/\/artcontest.biancoscuro.it\/site\/wp-content\/uploads\/2021\/05\/GianniCella160.jpg&quot; class=&quot;stbSkipLazy alignnone size-full&quot; width=&quot;160&quot; height=&quot;160&quot; \/&gt;\" data-order=\"&lt;img src=&quot;https:\/\/artcontest.biancoscuro.it\/site\/wp-content\/uploads\/2021\/05\/GianniCella160.jpg&quot; class=&quot;stbSkipLazy alignnone size-full&quot; width=&quot;160&quot; height=&quot;160&quot; \/&gt;\" ><img loading=\"lazy\" decoding=\"async\" src=\"https:\/\/artcontest.biancoscuro.it\/site\/wp-content\/uploads\/2021\/05\/GianniCella160.jpg\" class=\"stbSkipLazy alignnone size-full\" width=\"160\" height=\"160\" \/><\/td><td data-cell-id=\"B5\" data-x=\"1\" data-y=\"5\" data-db-index=\"5\" class=\"htLeft htTop\" data-cell-type=\"text\" data-original-value=\"&lt;b&gt;Gianni Cella&lt;\/b&gt;&lt;br \/&gt; Nato a Pavia, artista di fama internazionale, espone per la prima volta nel gennaio del 1982 presso la Galleria Diagramma di Luciano Inga-Pin.&lt;br \/&gt; Visionario della vita, prolifico, polimorfico e caleidoscopico. Si \u00e8 diplomato in pittura all&#039;Accademia di Belle Arti di Brera (Milano), dove insegna disegno e illustrazione.\" data-order=\"&lt;b&gt;Gianni Cella&lt;\/b&gt;&lt;br \/&gt; Nato a Pavia, artista di fama internazionale, espone per la prima volta nel gennaio del 1982 presso la Galleria Diagramma di Luciano Inga-Pin.&lt;br \/&gt; Visionario della vita, prolifico, polimorfico e caleidoscopico. Si \u00e8 diplomato in pittura all&#039;Accademia di Belle Arti di Brera (Milano), dove insegna disegno e illustrazione.\" ><b>Gianni Cella<\/b><br \/> Nato a Pavia, artista di fama internazionale, espone per la prima volta nel gennaio del 1982 presso la Galleria Diagramma di Luciano Inga-Pin.<br \/> Visionario della vita, prolifico, polimorfico e caleidoscopico. Si \u00e8 diplomato in pittura all'Accademia di Belle Arti di Brera (Milano), dove insegna disegno e illustrazione. <\/td><\/tr><tr style=\"height:px\" ><td data-cell-id=\"A6\" data-x=\"0\" data-y=\"6\" data-db-index=\"6\" class=\"htCenter\" data-cell-type=\"text\" data-original-value=\"&lt;img src=&quot;https:\/\/artcontest.biancoscuro.it\/site\/wp-content\/uploads\/2021\/05\/Demo160.jpg&quot; class=&quot;stbSkipLazy alignnone size-full&quot; width=&quot;160&quot; height=&quot;160&quot; \/&gt;\" data-order=\"&lt;img src=&quot;https:\/\/artcontest.biancoscuro.it\/site\/wp-content\/uploads\/2021\/05\/Demo160.jpg&quot; class=&quot;stbSkipLazy alignnone size-full&quot; width=&quot;160&quot; height=&quot;160&quot; \/&gt;\" ><img loading=\"lazy\" decoding=\"async\" src=\"https:\/\/artcontest.biancoscuro.it\/site\/wp-content\/uploads\/2021\/05\/Demo160.jpg\" class=\"stbSkipLazy alignnone size-full\" width=\"160\" height=\"160\" \/><\/td><td data-cell-id=\"B6\" data-x=\"1\" data-y=\"6\" data-db-index=\"6\" class=\"htLeft htTop\" data-cell-type=\"text\" data-original-value=\"&lt;b&gt;Francesco De Molfetta&lt;\/b&gt;&lt;br \/&gt; Nato a Garbagnate Milanese (MI), vive e lavora a Milano. Dopo avere conseguito la maturit\u00e0 artistica frequenta la facolt\u00e0 di lingue e letterature straniere e nel contempo si diploma in regia teatrale. Oggi \u00e8 un artista dedito ad una scultura concettuale, provocatoria e intelligente ed al tempo stesso \u00e8 docente in master e in corsi post laurea presso la Societ\u00e0 Umanitaria, una delle pi\u00f9 longeve istituzioni milanesi.\" data-order=\"&lt;b&gt;Francesco De Molfetta&lt;\/b&gt;&lt;br \/&gt; Nato a Garbagnate Milanese (MI), vive e lavora a Milano. Dopo avere conseguito la maturit\u00e0 artistica frequenta la facolt\u00e0 di lingue e letterature straniere e nel contempo si diploma in regia teatrale. Oggi \u00e8 un artista dedito ad una scultura concettuale, provocatoria e intelligente ed al tempo stesso \u00e8 docente in master e in corsi post laurea presso la Societ\u00e0 Umanitaria, una delle pi\u00f9 longeve istituzioni milanesi.\" ><b>Francesco De Molfetta<\/b><br \/> Nato a Garbagnate Milanese (MI), vive e lavora a Milano. Dopo avere conseguito la maturit\u00e0 artistica frequenta la facolt\u00e0 di lingue e letterature straniere e nel contempo si diploma in regia teatrale. Oggi \u00e8 un artista dedito ad una scultura concettuale, provocatoria e intelligente ed al tempo stesso \u00e8 docente in master e in corsi post laurea presso la Societ\u00e0 Umanitaria, una delle pi\u00f9 longeve istituzioni milanesi. <\/td><\/tr><tr style=\"height:px\" ><td data-cell-id=\"A7\" data-x=\"0\" data-y=\"7\" data-db-index=\"7\" class=\"htCenter\" data-cell-type=\"text\" data-original-value=\"&lt;img src=&quot;https:\/\/artcontest.biancoscuro.it\/site\/wp-content\/uploads\/2024\/05\/Giorgio-Maggiorelli150.jpg&quot; class=&quot;stbSkipLazy alignnone size-full&quot; width=&quot;160&quot; height=&quot;160&quot; \/&gt;\" data-order=\"&lt;img src=&quot;https:\/\/artcontest.biancoscuro.it\/site\/wp-content\/uploads\/2024\/05\/Giorgio-Maggiorelli150.jpg&quot; class=&quot;stbSkipLazy alignnone size-full&quot; width=&quot;160&quot; height=&quot;160&quot; \/&gt;\" ><img loading=\"lazy\" decoding=\"async\" src=\"https:\/\/artcontest.biancoscuro.it\/site\/wp-content\/uploads\/2024\/05\/Giorgio-Maggiorelli150.jpg\" class=\"stbSkipLazy alignnone size-full\" width=\"160\" height=\"160\" \/><\/td><td data-cell-id=\"B7\" data-x=\"1\" data-y=\"7\" data-db-index=\"7\" class=\"htLeft htTop\" data-cell-type=\"text\" data-original-value=\"&lt;b&gt;Giorgio Maggiorelli&lt;\/b&gt;&lt;br \/&gt; Nato a Milano, si \u00e8 diplomato all&#039;Accademia di Belle Arti di Brera (Milano). \u00c8 un artista di fama internazionale dalla forte introspezione onirica, dai contrasti tra finzione e realt\u00e0, mescolando, luoghi, colori e atmosfere. Se si potesse definire in un solo concetto la filosofia del personaggio, si potrebbe dire che per non pensare s\u2019immaginerebbe una montagna innevata, completamente bianca, per poi poterla colorare.\" data-order=\"&lt;b&gt;Giorgio Maggiorelli&lt;\/b&gt;&lt;br \/&gt; Nato a Milano, si \u00e8 diplomato all&#039;Accademia di Belle Arti di Brera (Milano). \u00c8 un artista di fama internazionale dalla forte introspezione onirica, dai contrasti tra finzione e realt\u00e0, mescolando, luoghi, colori e atmosfere. Se si potesse definire in un solo concetto la filosofia del personaggio, si potrebbe dire che per non pensare s\u2019immaginerebbe una montagna innevata, completamente bianca, per poi poterla colorare.\" ><b>Giorgio Maggiorelli<\/b><br \/> Nato a Milano, si \u00e8 diplomato all'Accademia di Belle Arti di Brera (Milano). \u00c8 un artista di fama internazionale dalla forte introspezione onirica, dai contrasti tra finzione e realt\u00e0, mescolando, luoghi, colori e atmosfere. Se si potesse definire in un solo concetto la filosofia del personaggio, si potrebbe dire che per non pensare s\u2019immaginerebbe una montagna innevata, completamente bianca, per poi poterla colorare. <\/td><\/tr><tr style=\"height:px\" ><td data-cell-id=\"A8\" data-x=\"0\" data-y=\"8\" data-db-index=\"8\" class=\"htCenter\" data-cell-type=\"text\" data-original-value=\"&lt;img src=&quot;https:\/\/artcontest.biancoscuro.it\/site\/wp-content\/uploads\/2025\/05\/nicolotomaini.jpg&quot; class=&quot;stbSkipLazy alignnone size-full&quot; width=&quot;160&quot; height=&quot;160&quot; \/&gt;&lt;\/a&gt;\" data-order=\"&lt;img src=&quot;https:\/\/artcontest.biancoscuro.it\/site\/wp-content\/uploads\/2025\/05\/nicolotomaini.jpg&quot; class=&quot;stbSkipLazy alignnone size-full&quot; width=&quot;160&quot; height=&quot;160&quot; \/&gt;&lt;\/a&gt;\" ><img loading=\"lazy\" decoding=\"async\" src=\"https:\/\/artcontest.biancoscuro.it\/site\/wp-content\/uploads\/2025\/05\/nicolotomaini.jpg\" class=\"stbSkipLazy alignnone size-full\" width=\"160\" height=\"160\" \/><\/a><\/td><td data-cell-id=\"B8\" data-x=\"1\" data-y=\"8\" data-db-index=\"8\" class=\"htLeft htTop\" data-cell-type=\"text\" data-original-value=\"&lt;b&gt;Nicol\u00f2 Tomaini&lt;\/b&gt;&lt;br \/&gt; Nato a Bellano (LC) \u00e8 un esperto d&#039;Arte moderna e contemporanea ed al tempo stesso artista che analizza il rapporto tra l&#039;uomo e l&#039;esperibile. La sua ricerca si sviluppa all\u2019interno degli scenari alienanti e alienati della societ\u00e0 contemporanea: quella della \u201cnon comunicazione\u201d.\" data-order=\"&lt;b&gt;Nicol\u00f2 Tomaini&lt;\/b&gt;&lt;br \/&gt; Nato a Bellano (LC) \u00e8 un esperto d&#039;Arte moderna e contemporanea ed al tempo stesso artista che analizza il rapporto tra l&#039;uomo e l&#039;esperibile. La sua ricerca si sviluppa all\u2019interno degli scenari alienanti e alienati della societ\u00e0 contemporanea: quella della \u201cnon comunicazione\u201d.\" ><b>Nicol\u00f2 Tomaini<\/b><br \/> Nato a Bellano (LC) \u00e8 un esperto d'Arte moderna e contemporanea ed al tempo stesso artista che analizza il rapporto tra l'uomo e l'esperibile. La sua ricerca si sviluppa all\u2019interno degli scenari alienanti e alienati della societ\u00e0 contemporanea: quella della \u201cnon comunicazione\u201d. <\/td><\/tr><tr style=\"height:px\" ><td data-cell-id=\"A9\" data-x=\"0\" data-y=\"9\" data-db-index=\"9\" class=\"htCenter\" data-cell-type=\"text\" data-original-value=\"&lt;img src=&quot;https:\/\/artcontest.biancoscuro.it\/site\/wp-content\/uploads\/2014\/05\/mainArtGalleristi-150x150.jpg&quot; class=&quot;stbSkipLazy alignnone size-thumbnail&quot; width=&quot;160&quot; height=&quot;160&quot; \/&gt;\" data-order=\"&lt;img src=&quot;https:\/\/artcontest.biancoscuro.it\/site\/wp-content\/uploads\/2014\/05\/mainArtGalleristi-150x150.jpg&quot; class=&quot;stbSkipLazy alignnone size-thumbnail&quot; width=&quot;160&quot; height=&quot;160&quot; \/&gt;\" ><img loading=\"lazy\" decoding=\"async\" src=\"https:\/\/artcontest.biancoscuro.it\/site\/wp-content\/uploads\/2014\/05\/mainArtGalleristi-150x150.jpg\" class=\"stbSkipLazy alignnone size-thumbnail\" width=\"160\" height=\"160\" \/><\/td><td data-cell-id=\"B9\" data-x=\"1\" data-y=\"9\" data-db-index=\"9\" class=\"htLeft htTop\" data-cell-type=\"text\" data-original-value=\"&lt;b&gt;Salvatore Mainardi&lt;\/b&gt;&lt;br \/&gt; Corrispondente estero per la Rivista d\u2019Arte BIANCOSCURO in Svizzera. \u00c8 Gallerista presso MainArt - Baden \/ Zurich (CH) e Galerie Mirador Vienna (A), curatore presso il Dorfmuseum Langnau (CH) e della Galleria Civica di Spreitenbach (CH).\" data-order=\"&lt;b&gt;Salvatore Mainardi&lt;\/b&gt;&lt;br \/&gt; Corrispondente estero per la Rivista d\u2019Arte BIANCOSCURO in Svizzera. \u00c8 Gallerista presso MainArt - Baden \/ Zurich (CH) e Galerie Mirador Vienna (A), curatore presso il Dorfmuseum Langnau (CH) e della Galleria Civica di Spreitenbach (CH).\" ><b>Salvatore Mainardi<\/b><br \/> Corrispondente estero per la Rivista d\u2019Arte BIANCOSCURO in Svizzera. \u00c8 Gallerista presso MainArt - Baden \/ Zurich (CH) e Galerie Mirador Vienna (A), curatore presso il Dorfmuseum Langnau (CH) e della Galleria Civica di Spreitenbach (CH). <\/td><\/tr><tr style=\"height:px\" ><td data-cell-id=\"A10\" data-x=\"0\" data-y=\"10\" data-db-index=\"10\" class=\"htCenter\" data-cell-type=\"text\" data-original-value=\"&lt;img src=&quot;https:\/\/artcontest.biancoscuro.it\/site\/wp-content\/uploads\/2018\/02\/FRANCO.jpg&quot; class=&quot;stbSkipLazy alignnone size-full&quot; width=&quot;160&quot; height=&quot;160&quot; \/&gt;\" data-order=\"&lt;img src=&quot;https:\/\/artcontest.biancoscuro.it\/site\/wp-content\/uploads\/2018\/02\/FRANCO.jpg&quot; class=&quot;stbSkipLazy alignnone size-full&quot; width=&quot;160&quot; height=&quot;160&quot; \/&gt;\" ><img loading=\"lazy\" decoding=\"async\" src=\"https:\/\/artcontest.biancoscuro.it\/site\/wp-content\/uploads\/2018\/02\/FRANCO.jpg\" class=\"stbSkipLazy alignnone size-full\" width=\"160\" height=\"160\" \/><\/td><td data-cell-id=\"B10\" data-x=\"1\" data-y=\"10\" data-db-index=\"10\" class=\"htLeft htTop\" data-cell-type=\"text\" data-original-value=\"&lt;b&gt;Franco Crugnola&lt;\/b&gt;&lt;br \/&gt; Nato a Varese dove vive e lavora, si \u00e8 Laureato a Milano in Architettura-Design, \u00e8 titolare e curatore della Showcases Gallery di Varese&lt;br \/&gt; Inventore di &quot;INCIPIT&quot;, il primo prototipo di eBook, realizzato in collaborazione con Isabella Rigamonti nel 1992.\" data-order=\"&lt;b&gt;Franco Crugnola&lt;\/b&gt;&lt;br \/&gt; Nato a Varese dove vive e lavora, si \u00e8 Laureato a Milano in Architettura-Design, \u00e8 titolare e curatore della Showcases Gallery di Varese&lt;br \/&gt; Inventore di &quot;INCIPIT&quot;, il primo prototipo di eBook, realizzato in collaborazione con Isabella Rigamonti nel 1992.\" ><b>Franco Crugnola<\/b><br \/> Nato a Varese dove vive e lavora, si \u00e8 Laureato a Milano in Architettura-Design, \u00e8 titolare e curatore della Showcases Gallery di Varese<br \/> Inventore di \"INCIPIT\", il primo prototipo di eBook, realizzato in collaborazione con Isabella Rigamonti nel 1992. <\/td><\/tr><tr style=\"height:px\" ><td data-cell-id=\"A11\" data-x=\"0\" data-y=\"11\" data-db-index=\"11\" class=\"htCenter\" data-cell-type=\"text\" data-original-value=\"&lt;img src=&quot;https:\/\/artcontest.biancoscuro.it\/site\/wp-content\/uploads\/2014\/05\/Lucia-Garnero_sm.jpg&quot; class=&quot;stbSkipLazy alignnone size-full&quot; width=&quot;160&quot; height=&quot;160&quot; \/&gt;\" data-order=\"&lt;img src=&quot;https:\/\/artcontest.biancoscuro.it\/site\/wp-content\/uploads\/2014\/05\/Lucia-Garnero_sm.jpg&quot; class=&quot;stbSkipLazy alignnone size-full&quot; width=&quot;160&quot; height=&quot;160&quot; \/&gt;\" ><img loading=\"lazy\" decoding=\"async\" src=\"https:\/\/artcontest.biancoscuro.it\/site\/wp-content\/uploads\/2014\/05\/Lucia-Garnero_sm.jpg\" class=\"stbSkipLazy alignnone size-full\" width=\"160\" height=\"160\" \/><\/td><td data-cell-id=\"B11\" data-x=\"1\" data-y=\"11\" data-db-index=\"11\" class=\"htLeft htTop\" data-cell-type=\"text\" data-original-value=\"&lt;b&gt;Lucia Garnero&lt;\/b&gt;&lt;br \/&gt; Nata a Cuneo dove vive e lavora, si \u00e8 Laureata in Industrial Design al Politecnico di Torino. I suoi progetti sono stati selezionati da importanti organizzazioni. Ha all&#039;attivo diverse collaborazioni con studi di architettura e case editrici. \u00c8 collaboratrice della Rivista d\u2019Arte BIANCOSCURO.\" data-order=\"&lt;b&gt;Lucia Garnero&lt;\/b&gt;&lt;br \/&gt; Nata a Cuneo dove vive e lavora, si \u00e8 Laureata in Industrial Design al Politecnico di Torino. I suoi progetti sono stati selezionati da importanti organizzazioni. Ha all&#039;attivo diverse collaborazioni con studi di architettura e case editrici. \u00c8 collaboratrice della Rivista d\u2019Arte BIANCOSCURO.\" ><b>Lucia Garnero<\/b><br \/> Nata a Cuneo dove vive e lavora, si \u00e8 Laureata in Industrial Design al Politecnico di Torino. I suoi progetti sono stati selezionati da importanti organizzazioni. Ha all'attivo diverse collaborazioni con studi di architettura e case editrici. \u00c8 collaboratrice della Rivista d\u2019Arte BIANCOSCURO. <\/td><\/tr><tr style=\"height:px\" ><td data-cell-id=\"A12\" data-x=\"0\" data-y=\"12\" data-db-index=\"12\" class=\"bg-ff0000 htCenter\" data-cell-type=\"text\" data-original-value=\"\" data-order=\"\" ><\/td><td data-cell-id=\"B12\" data-x=\"1\" data-y=\"12\" data-db-index=\"12\" class=\"htLeft htTop bg-ff0000\" data-cell-type=\"text\" data-original-value=\"\" data-order=\"\" ><\/td><\/tr><\/tbody><\/table><!-- \/#supsystic-table-2.supsystic-table --><\/div><!-- \/.supsystic-tables-wrap --><!-- Tables Generator by Supsystic --><!-- Version:1.11.0 --><!-- http:\/\/supsystic.com\/ --><a title=\"WordPress Data Table\" style=\"display:none;\" href=\"https:\/\/supsystic.com\/plugins\/wordpress-data-table-plugin\/?utm_medium=love_link\" target=\"_blank\">WordPress Data Table<\/a>\n","protected":false},"excerpt":{"rendered":"<p>\u2605 BIANCOSCURO ART CONTEST&nbsp;\u2605 La Giuria&nbsp;BIANCOSCURO&nbsp;\u00e8 composta da redazione, consiglio e comitato critico.I componenti sono:<\/p>\n","protected":false},"author":1,"featured_media":3203,"parent":0,"menu_order":1,"comment_status":"closed","ping_status":"closed","template":"","meta":{"advanced_seo_description":"","jetpack_seo_html_title":"","jetpack_seo_noindex":false,"footnotes":""},"class_list":["post-240","page","type-page","status-publish","has-post-thumbnail","hentry"],"jetpack_sharing_enabled":false,"jetpack_likes_enabled":false,"_links":{"self":[{"href":"https:\/\/artcontest.biancoscuro.it\/site\/wp-json\/wp\/v2\/pages\/240","targetHints":{"allow":["GET"]}}],"collection":[{"href":"https:\/\/artcontest.biancoscuro.it\/site\/wp-json\/wp\/v2\/pages"}],"about":[{"href":"https:\/\/artcontest.biancoscuro.it\/site\/wp-json\/wp\/v2\/types\/page"}],"author":[{"embeddable":true,"href":"https:\/\/artcontest.biancoscuro.it\/site\/wp-json\/wp\/v2\/users\/1"}],"replies":[{"embeddable":true,"href":"https:\/\/artcontest.biancoscuro.it\/site\/wp-json\/wp\/v2\/comments?post=240"}],"version-history":[{"count":107,"href":"https:\/\/artcontest.biancoscuro.it\/site\/wp-json\/wp\/v2\/pages\/240\/revisions"}],"predecessor-version":[{"id":18276,"href":"https:\/\/artcontest.biancoscuro.it\/site\/wp-json\/wp\/v2\/pages\/240\/revisions\/18276"}],"wp:featuredmedia":[{"embeddable":true,"href":"https:\/\/artcontest.biancoscuro.it\/site\/wp-json\/wp\/v2\/media\/3203"}],"wp:attachment":[{"href":"https:\/\/artcontest.biancoscuro.it\/site\/wp-json\/wp\/v2\/media?parent=240"}],"curies":[{"name":"wp","href":"https:\/\/api.w.org\/{rel}","templated":true}]}}